{"id":32,"date":"2015-07-12T17:08:09","date_gmt":"2015-07-12T17:08:09","guid":{"rendered":"http:\/\/euromin.de\/?page_id=32"},"modified":"2015-07-14T16:04:21","modified_gmt":"2015-07-14T16:04:21","slug":"kinderprogramm","status":"publish","type":"page","link":"https:\/\/euromin.de\/?page_id=32","title":{"rendered":"Kinderprogramm"},"content":{"rendered":"<p>Auf der Mineralienmesse gibt es ein vielf\u00e4ltiges Angebot f\u00fcr unsere kleinen Sammler: Sie erleben einen unvergesslichen Tag bei spannenden Aktivit\u00e4ten wie z.B. beim Goldwaschen, Specksteinschnitzen, der Mineralienbestimmung und bei Fossilienausgrabungen.<\/p>\n<p>Die jungen Messebesucher werden w\u00e4hrend der angebotenen Aktivit\u00e4ten von geschultem Personal professionell betreut.<\/p>\n<div id='gallery-1' class='gallery galleryid-32 gallery-columns-1 gallery-size-medium'><figure class='gallery-item'>\n\t\t\t<div class='gallery-icon landscape'>\n\t\t\t\t<a href='https:\/\/euromin.de\/?attachment_id=133'><img width=\"300\" height=\"200\" src=\"https:\/\/euromin.de\/wp-content\/uploads\/2015\/07\/kinder_goldwaschen-300x200.jpg\" class=\"attachment-medium size-medium\" alt=\"\" loading=\"lazy\" aria-describedby=\"gallery-1-133\" srcset=\"https:\/\/euromin.de\/wp-content\/uploads\/2015\/07\/kinder_goldwaschen-300x200.jpg 300w, https:\/\/euromin.de\/wp-content\/uploads\/2015\/07\/kinder_goldwaschen-1024x683.jpg 1024w, https:\/\/euromin.de\/wp-content\/uploads\/2015\/07\/kinder_goldwaschen.jpg 1200w\" sizes=\"(max-width: 300px) 100vw, 300px\" \/><\/a>\n\t\t\t<\/div>\n\t\t\t\t<figcaption class='wp-caption-text gallery-caption' id='gallery-1-133'>\n\t\t\t\twie zu Zeiten des Goldrauschs im 19. Jahrhundert\n\t\t\t\t<\/figcaption><\/figure><figure class='gallery-item'>\n\t\t\t<div class='gallery-icon landscape'>\n\t\t\t\t<a href='https:\/\/euromin.de\/?attachment_id=131'><img width=\"300\" height=\"147\" src=\"https:\/\/euromin.de\/wp-content\/uploads\/2015\/07\/kinder_speckstein-300x147.jpg\" class=\"attachment-medium size-medium\" alt=\"\" loading=\"lazy\" aria-describedby=\"gallery-1-131\" srcset=\"https:\/\/euromin.de\/wp-content\/uploads\/2015\/07\/kinder_speckstein-300x147.jpg 300w, https:\/\/euromin.de\/wp-content\/uploads\/2015\/07\/kinder_speckstein-1024x502.jpg 1024w, https:\/\/euromin.de\/wp-content\/uploads\/2015\/07\/kinder_speckstein.jpg 1200w\" sizes=\"(max-width: 300px) 100vw, 300px\" \/><\/a>\n\t\t\t<\/div>\n\t\t\t\t<figcaption class='wp-caption-text gallery-caption' id='gallery-1-131'>\n\t\t\t\tbetreutes Specksteinschnitzen\n\t\t\t\t<\/figcaption><\/figure><figure class='gallery-item'>\n\t\t\t<div class='gallery-icon portrait'>\n\t\t\t\t<a href='https:\/\/euromin.de\/?attachment_id=132'><img width=\"236\" height=\"300\" src=\"https:\/\/euromin.de\/wp-content\/uploads\/2015\/07\/kinder_mineralienstand-236x300.jpg\" class=\"attachment-medium size-medium\" alt=\"\" loading=\"lazy\" aria-describedby=\"gallery-1-132\" srcset=\"https:\/\/euromin.de\/wp-content\/uploads\/2015\/07\/kinder_mineralienstand-236x300.jpg 236w, https:\/\/euromin.de\/wp-content\/uploads\/2015\/07\/kinder_mineralienstand-805x1024.jpg 805w, https:\/\/euromin.de\/wp-content\/uploads\/2015\/07\/kinder_mineralienstand.jpg 943w\" sizes=\"(max-width: 236px) 100vw, 236px\" \/><\/a>\n\t\t\t<\/div>\n\t\t\t\t<figcaption class='wp-caption-text gallery-caption' id='gallery-1-132'>\n\t\t\t\tjunge Messebesucher am Mineralienstand f\u00fcr Kinder\n\t\t\t\t<\/figcaption><\/figure>\n\t\t<\/div>\n\n","protected":false},"excerpt":{"rendered":"<p>Auf der Mineralienmesse gibt es ein vielf\u00e4ltiges Angebot f\u00fcr unsere kleinen Sammler: Sie erleben einen unvergesslichen Tag bei spannenden Aktivit\u00e4ten wie z.B. beim Goldwaschen, Specksteinschnitzen, der Mineralienbestimmung und bei Fossilienausgrabungen. Die jungen Messebesucher werden w\u00e4hrend der angebotenen Aktivit\u00e4ten von geschultem<\/p>\n","protected":false},"author":1,"featured_media":0,"parent":6,"menu_order":2,"comment_status":"open","ping_status":"open","template":"","meta":[],"_links":{"self":[{"href":"https:\/\/euromin.de\/index.php?rest_route=\/wp\/v2\/pages\/32"}],"collection":[{"href":"https:\/\/euromin.de\/index.php?rest_route=\/wp\/v2\/pages"}],"about":[{"href":"https:\/\/euromin.de\/index.php?rest_route=\/wp\/v2\/types\/page"}],"author":[{"embeddable":true,"href":"https:\/\/euromin.de\/index.php?rest_route=\/wp\/v2\/users\/1"}],"replies":[{"embeddable":true,"href":"https:\/\/euromin.de\/index.php?rest_route=%2Fwp%2Fv2%2Fcomments&post=32"}],"version-history":[{"count":11,"href":"https:\/\/euromin.de\/index.php?rest_route=\/wp\/v2\/pages\/32\/revisions"}],"predecessor-version":[{"id":138,"href":"https:\/\/euromin.de\/index.php?rest_route=\/wp\/v2\/pages\/32\/revisions\/138"}],"up":[{"embeddable":true,"href":"https:\/\/euromin.de\/index.php?rest_route=\/wp\/v2\/pages\/6"}],"wp:attachment":[{"href":"https:\/\/euromin.de\/index.php?rest_route=%2Fwp%2Fv2%2Fmedia&parent=32"}],"curies":[{"name":"wp","href":"https:\/\/api.w.org\/{rel}","templated":true}]}}